 Let m(y) = -y**2 - 6*y + 2. Let q be m(-3). Suppose 4*a = -3*i + 28, -2*i = -n*a + q + 47. List the prime factors of a.
2, 5
Suppose -5*l - 7 = -2. Let s = 0 - l. What are the prime factors of 1*(s + 13) - 2?
2, 3
Suppose 8*y + 872 = 5*g + 6*y, -5*y - 508 = -3*g. What are the prime factors of g?
2, 11
Let o(s) = 3*s**2 - 22*s + 1. List the prime factors of o(-5).
2, 3, 31
Let v = 28 - 25. Let x(g) = 14*g + 3. List the prime factors of x(v).
3, 5
Let q(i) be the first derivative of 7/2*i**2 + 5/3*i**3 - 1/4*i**4 + 4*i - 2. What are the prime factors of q(6)?
2, 5
Suppose u + 5*g = 22, -u + 0*u = -g + 2. List the prime factors of u/(-14) - (-696)/21.
3, 11
Suppose -5*i = -10*i - 20. List the prime factors of 1/(-1) - 9*i.
5, 7
Let f(z) = z**3 + 2*z**2 - 4*z. Let n be 1/(3 + 8/(-3)). What are the prime factors of f(n)?
3, 11
Let f(w) = -w**3 - 3*w**2 - 4. Let h be f(-3). List the prime factors of h/10 + 636/15.
2, 3, 7
Suppose 24 = 5*v - 2*v. Let n = v - -10. Let t = n + -8. What are the prime factors of t?
2, 5
Let d be -7*(180/(-21))/2. List the prime factors of ((-4)/(-3))/(4/d).
2, 5
Let n = 609 + -365. What are the prime factors of n?
2, 61
What are the prime factors of ((-45)/6)/(6/(-8))?
2, 5
Let h(c) = -c**3 + 6*c**2 + c - 3. Let u be h(6). Suppose -u*i + 108 = -0*i. List the prime factors of i.
2, 3
Let d = 1 + -2. Suppose -3*g = 1 - 40. List the prime factors of g - (d + (3 - 1)).
2, 3
Let m be -2 - -4 - (0 + -6). Suppose -5*t = 3*h - m - 0, 5*t - 40 = 5*h. Suppose -5*r + 10 = t*y, r + 29 = 5*y - r. What are the prime factors of y?
5
Let l(r) = 2*r**3 - 3*r**2 - 6*r + 5. Let x be l(5). Suppose -v = 4*v + 4*f - x, f - 5 = 0. List the prime factors of v.
2, 13
Suppose 11 = 3*q - 3*u + 7*u, -4*q = -2*u - 22. Let y = q + 14. Suppose 4*s - y - 5 = 0. List the prime factors of s.
2, 3
Let w(x) = x - 8. Let z be w(10). Suppose z*l = 4*l - 34. What are the prime factors of l?
17
Suppose -12 = -2*m - 2*t, -2*m - 4*t = -11 + 3. Suppose p - m = -p. List the prime factors of -2*(p - 3)*-2.
2
Suppose 0 = 3*s - 3*b - 783, -3*b + 0*b - 523 = -2*s. What are the prime factors of s?
2, 5, 13
Let x(s) = 6*s**2 - s. Let c be x(1). Let j be c/1 + -1 + 1. Suppose 30 = j*z - 15. What are the prime factors of z?
3
Suppose -i + 15 - 5 = 0. Let w be 29/(1/(-2)*1). What are the prime factors of (-1)/(-5) - w/i?
2, 3
List the prime factors of (5 + 66/(-12))*-490.
5, 7
Let d(s) = -6*s**2 + s - 8. Let u(g) = -7*g**2 - 8. Let c(b) = -6*d(b) + 5*u(b). List the prime factors of c(6).
2
Let w be 4/14 - (-19)/7. Suppose -5*c + 4*q = -52, 5*c + q - 46 = w*q. List the prime factors of c.
2
Let v = -15 - -9. List the prime factors of (v/(-4))/((-1)/(-12)).
2, 3
Suppose 2*c = 3*v + 33, 6*c - 3*v - 57 = 3*c. Let j be 12/(-2)*1/(-1). Let a = c - j. What are the prime factors of a?
2, 3
Suppose 6*w + 44 = 2*w. Let v(o) = -o**2 - 12*o + 3. List the prime factors of v(w).
2, 7
Suppose 4*o - 18 - 22 = 0. Let c = o - 17. Let z = 12 + c. What are the prime factors of z?
5
Let u = 13 - 18. Let j = 9 + u. What are the prime factors of j?
2
Suppose -2*s + 29 = b, -3*s + 51 = -0*s + 3*b. Suppose 0 = -5*a + 8*a - s. List the prime factors of a.
2
Suppose 4*b = -2*o + 2, -b - 5*o - 16 = 2*b. Suppose 5*m = 4*l + 30, -m = -0*l - b*l - 6. What are the prime factors of m?
2, 3
Let y(s) = s**3 + 6*s**2 - s - 2. Let v be y(-6). Let o(h) = h**2 - 1. What are the prime factors of o(v)?
3, 5
Suppose -u - 2 = 5*t, -2*u = -5*t - 3 + 7. Let v = 4 + t. Suppose -2*y + y - 16 = -2*a, -v*a + 4*y + 28 = 0. What are the prime factors of a?
3
Let y = 2 - 0. Let j be y/(-8) + (-1575)/(-28). Suppose -j = -7*o + 3*o. List the prime factors of o.
2, 7
Let r(j) = 2*j - 7. Let q be r(11). Let a be (8/3 - 2)*q. Let l = -5 + a. What are the prime factors of l?
5
What are the prime factors of 70*-12*15/(-40)?
3, 5, 7
Let t = -75 + 150. Suppose 280 = 5*c + t. Suppose -4*z - 47 = -5*h, c = 5*h - z - z. List the prime factors of h.
7
Suppose 0*f - 2*h = -3*f + 388, -135 = -f - 5*h. List the prime factors of f.
2, 5, 13
Let j be -3 + (-1 - (-1 - -5)). What are the prime factors of (-70)/j + 1/4?
3
Suppose 0 = -4*q + 6 + 2. Suppose -8*a = -4*a + 3*d - 29, -q*a - 3*d + 7 = 0. List the prime factors of a.
11
Let b(z) = -4*z - 1. Let h be b(-1). Suppose k = -h + 5. List the prime factors of k.
2
Let v(p) = -4*p**2 + 4*p - 4. Let y be v(3). Let i be 84/(-1)*6/(-12). Let d = i + y. What are the prime factors of d?
2, 7
Let r(f) = f - 6. Let g be r(6). Suppose 2*x = -5*m + 23, -m - 6 = m - 3*x. Let a = m - g. List the prime factors of a.
3
Let n(x) = x**2 + 5*x + 2. Let o be n(-6). Let u = 20 - o. List the prime factors of u.
2, 3
Suppose 0 = y - 1 - 1. Suppose 76 = y*k - 26. Suppose -6*d + d + 3*z + 66 = 0, 3*d + 2*z = k. What are the prime factors of d?
3, 5
What are the prime factors of (38 - 7)/(-4*4/(-48))?
3, 31
Let r = 5 + -10. Let w = 5 + r. Suppose w*g + 22 = 2*g. What are the prime factors of g?
11
Let w = -18 - -24. Let s = w - 2. List the prime factors of s.
2
Suppose -16 = 2*d - 38. Suppose 63 - d = 4*a. What are the prime factors of a?
13
Let g(h) = -h**3 + 14*h**2 - 8*h - 11. Let i be g(12). Suppose -51 = 5*l - i. List the prime factors of l.
2, 13
Let t(c) = c**2 - c + 6. Let v be t(8). Let r = -34 + v. List the prime factors of r.
2, 7
Let y = -44 + 172. What are the prime factors of (-18)/(-27) + y/6?
2, 11
Suppose -2*y + 5*y = 42. Let d(o) = 4*o - 12. What are the prime factors of d(y)?
2, 11
Suppose o - 5*o = -4*v - 8, -3*o + 16 = -v. What are the prime factors of o?
7
Let a be 11/(-9) + (-2)/(-9). Let k = 3 + a. Suppose -k*r - 21 = -5*r. List the prime factors of r.
7
Let z(n) = -4*n**2 - 2*n + 2*n - 3*n**3 + 3*n**2. List the prime factors of z(-1).
2
Let m = 7 - 7. Suppose -r + m = -3. Suppose 10 = -r*t + 58. What are the prime factors of t?
2
Suppose 6*b = 7*b - 98. What are the prime factors of b?
2, 7
Suppose 4*f = -4*a + 2 + 2, 0 = a - 3. Let o be (-1)/(f - 27/(-12)). Let p = o - -6. List the prime factors of p.
2
Let l(o) = -o**3 + 3*o**2 - o + 5. Let d be l(4). List the prime factors of 2*(-6)/15*d.
2, 3
What are the prime factors of 1660/(-50)*4/(12/(-15))?
2, 83
Suppose 4*b + 16 = 48. Let m = 76 + -38. List the prime factors of m/8 - (-2)/b.
5
Let p(i) = -i + 8. Let h be p(9). Let w = 16 + h. What are the prime factors of w?
3, 5
Suppose -4*x - 4 = -0. Let b be 260/16 - x/(-4). What are the prime factors of b/(-12)*12/(-2)?
2
Let u(a) be the first derivative of a**5/120 - a**3 + 2. Let w(f) be the third derivative of u(f). What are the prime factors of w(6)?
2, 3
Let b = -2 - -8. Suppose b*x - 120 = -0*x. What are the prime factors of x?
2, 5
Suppose t = -9 + 69. List the prime factors of t.
2, 3, 5
Suppose 14*n - 725 = 9*n. List the prime factors of n.
5, 29
Let x be ((34/(-1))/2)/1. Let h = x + 33. Let t = 26 - h. What are the prime factors of t?
2, 5
Suppose 0 = 10*i - 7*i - 108. What are the prime factors of i?
2, 3
Let o(q) = -q + 10. Let w be o(7). What are the prime factors of (w/(-5))/((-1)/5)?
3
Let h(b) = -b - 5. Let s be h(-5). Let w(i) = 3 + s - i + 4. List the prime factors of w(-6).
13
Let s(z) = -z + 6. Let l be s(4). Suppose l*f - 6 - 24 = 0. What are the prime factors of f?
3, 5
Let y be (12/10)/((-4)/20). List the prime factors of (-64)/y - 14/21.
2, 5
Let i(n) = -n**2 + 11*n - 21. List the prime factors of i(7).
7
Suppose 2*a - a + 3*p = 304, 2*a - 622 = p. What are the prime factors of a?
2, 5, 31
Suppose 4*b - 24 = -5*n, -5*n + b + 21 + 23 = 0. What are the prime factors of 92/n + 2/(-4)?
11
List the prime factors of 5 - (-2 - (-5 - -4)).
2, 3
Let y(o) = 4*o**3 - 3*o**2 + 3*o. What are the prime factors of y(2)?
2, 13
Let l = -20 + 34. Let a = 20 + l. List the prime factors of a.
2, 17
Let a(p) = -8*p - 7. Let h(d) = -3*d - 2. Suppose -4*c - 16 = -0*c. Let l(n) = c*a(n) + 11*h(n). What are the prime factors of l(-6)?
2, 3
Let c(t) = t**3 + 7*t**2 - 2*t - 8. Let v = -15 + 8. Let l be c(v). Suppose -3*i = -l*i + 6. What are the prime factors of i?
2
Let x be 0/((-2 - -6)/(-4)). Suppose k - 22 - 8 = x. What are the prime factors of k?
2, 3, 5
Let g(j) = -j**3 + 5*j**2 + 2*j + 3. Let k(y) = -2*y - 7. Let f be k(-6). List the prime factors of g(f).
13
Suppose -5*z - 109 - 236